3. Calculate v(-12).
-41
Let t(u) = 2*u**2 - 856*u - 6879. Calculate t(-8).
97
Let g(o) = 732*o**3 - 4*o**2 + 39*o + 40. Give g(-1).
-735
Let k(g) = 2595*g + 197286. Determine k(-76).
66
Let n(c) = 2*c**3 - 38*c**2 + 20*c + 64. What is n(19)?
444
Let x(g) = -g**3 - 3*g**2 - 38*g - 55. What is x(-6)?
281
Let x(u) = u**3 + 58*u**2 + 313*u - 246. What is x(-52)?
-298
Let o(p) = p**3 - 21*p**2 + 41*p - 293. What is o(7)?
-692
Let y(d) = -d**3 + 300*d**2 - 2617*d - 1181. Calculate y(291).
-599
Let h(a) = 11*a**2 + 2357*a + 119409. Calculate h(-132).
-51
Let g(s) = s**2 + 324*s + 15750. Calculate g(-267).
531
Let a(o) = -255647*o - 3834714. Determine a(-15).
-9
Let a(d) = 103254*d - 1032480. Give a(10).
60
Let m(w) = 2*w**2 + 146*w - 35665. Give m(-172).
-1609
Let q(u) = -u**3 - 174*u**2 - 4552*u - 254. Determine q(-32).
2
Let b(v) = 1760*v - 14816. Calculate b(9).
1024
Let s(p) = p**2 - 133*p - 16668. Give s(212).
80
Let y(v) = 85*v**2 + 100*v - 645. Determine y(5).
1980
Let z(a) = 158*a - 18641. Calculate z(157).
6165
Let y(g) = -5846*g + 134296. Give y(23).
-162
Let r(k) = -19*k**3 + 2814*k**2 - 244*k - 7697. Give r(148).
-1
Let q(l) = 8*l**3 - 16*l**2 + 30*l - 45. Give q(5).
705
Let a(m) = 2*m**3 - 84*m**2 + 96*m - 681. Give a(41).
-107
Let k(h) = -1677*h**2 + 16769*h + 37. What is k(10)?
27
Let j(z) = z**3 + 153*z**2 - 529*z - 9521. Determine j(-156).
-5
Let k(d) = 11*d**2 + 128*d + 684. Determine k(-6).
312
Let w(b) = -2*b**3 - 337*b**2 - 898*b - 122638. Calculate w(-168).
2
Let m(n) = n**3 + 184*n**2 - 3204*n - 786. Determine m(-200).
14
Let b(u) = -2021*u + 6262. What is b(3)?
199
Let m(u) = -13230*u + 238141. What is m(18)?
1
Let m(d) = 32*d**2 + 9730*d - 9100. Determine m(-305).
50
Let o(p) = p**3 - 6*p**2 - 263*p + 1984. What is o(8)?
8
Let w(j) = 10776*j + 21557. Give w(-2).
5
Let d(c) = 20*c**3 + 502*c**2 - 108*c - 3987. What is d(-25)?
-37
Let x(g) = g**3 + 55*g**2 + 666*g - 221. What is x(-19)?
121
Let u(p) = 240565*p - 3127339. Give u(13).
6
Let d(r) = 793702*r - 1587462. What is d(2)?
-58
Let g(u) = 2*u**2 - 11268*u - 465340. What is g(-41)?
10
Let t(f) = -3*f**2 - 492*f - 5497. What is t(-152)?
-25
Let v(i) = 43*i**2 - 8393*i + 1629. Determine v(195).
69
Let a(u) = -u**3 + 340*u**2 - 2639*u - 81. Determine a(8).
55
Let k(o) = -78*o**2 + 5332*o - 1500. Determine k(68).
404
Let c(y) = 271*y - 25205. Give c(93).
-2
Let w(k) = 199*k**2 - 2388*k + 5. Give w(12).
5
Let z(l) = l**3 - 659*l**2 - 1552*l + 152017. Give z(661).
-13
Let s(c) = 19*c**2 + 1835*c - 11732. Determine s(6).
-38
Let o(u) = -55377*u - 277274. Calculate o(-5).
-389
Let c(k) = 1091*k**2 - 30557*k + 295. Calculate c(28).
43
Let b(y) = y**3 + 66*y**2 + 514*y + 23. Give b(-9).
14
Let l(k) = -435*k - 8203. What is l(-20)?
497
Let h(y) = -y**2 - 6063*y + 989287. Calculate h(159).
-11
Let q(j) = 3*j**3 - 395*j**2 + 273*j - 1198. What is q(131)?
243
Let a(w) = -2611*w - 20893. Calculate a(-8).
-5
Let r(q) = 236*q - 2523. Calculate r(10).
-163
Let y(z) = 77*z + 16742. What is y(-225)?
-583
Let s(p) = 425*p + 40794. What is s(-96)?
-6
Let w(v) = 812*v + 6334. Calculate w(-6).
1462
Let s(r) = 5*r**3 - 30*r**2 + 51*r - 29. What is s(2)?
-7
Let u(p) = -21*p**3 + 2584*p**2 - 119*p - 531. Give u(123).
-39
Let t(s) = 12*s**2 + 343*s - 370. Calculate t(-36).
2834
Let q(a) = -25*a**2 - 1860*a - 17956. Calculate q(-63).
-1
Let m(k) = -25739*k - 411936. Calculate m(-16).
-112
Let v(h) = 96797*h + 387220. What is v(-4)?
32
Let i(c) = 5537*c + 83051. Determine i(-15).
-4
Let c(b) = -91*b**2 - 4724*b + 4723. What is c(1)?
-92
Let m(i) = 138*i**2 + 567*i - 1566. Determine m(-6).
0
Let t(l) = 5*l**3 + 13*l**2 - l + 99. Determine t(-4).
-9
Let l(x) = -x**3 + 86*x**2 + 687*x + 6134. Give l(94).
24
Let x(l) = -120*l**2 + 894*l + 199. Determine x(7).
577
Let z(g) = -460935*g - 20281144. Give z(-44).
-4
Let r(j) = -j**3 - 18*j**2 + 142*j + 1988. Determine r(-19).
-349
Let u(o) = 4*o**2 + 88*o - 1731. Give u(18).
1149
Let u(d) = 2*d**3 - 31*d**2 - 304*d + 4783. Determine u(15).
-2
Let a(o) = 573*o**3 - 31*o**2 - 53*o - 51. Calculate a(-1).
-602
Let d(h) = -7184*h + 128903. Determine d(18).
-409
Let t(v) = -3*v**3 - 1097*v**2 - 1827*v - 2532. Calculate t(-364).
16
Let y(q) = -3461*q + 522606. What is y(151)?
-5
Let o(x) = 3259*x - 78206. What is o(24)?
10
Let i(f) = f**3 + 42*f**2 + 545*f + 18. What is i(-17)?
-2022
Let n(m) = -m**3 + 204*m**2 + 10284*m + 11813. Give n(246).
5
Let y(h) = h**3 + 13*h**2 + 162*h + 559. What is y(-4)?
55
Let h(q) = 8*q**2 + 758*q - 159. Calculate h(-95).
31
Let o(m) = 3*m**3 + 891*m**2 + 871*m - 5026. Give o(-296).
6
Let m(q) = -q**3 + 56*q**2 + 361*q + 348. Give m(62).
-334
Let d(x) = 3*x**2 - 383*x - 731. What is d(131)?
579
Let q(n) = n**2 + 30305*n - 636839. Calculate q(21).
7
Let u(j) = 422*j**3 + 1052*j**2 + 11*j + 28. What is u(-3)?
-1931
Let h(d) = -4*d**2 + 174*d - 412. What is h(41)?
-2
Let u(z) = -557*z - 4299. Calculate u(-4).
-2071
Let f(u) = u**3 - 45*u**2 - 1102*u - 2092. Determine f(63).
-76
Let m(b) = 19*b**3 - 1402*b**2 - 1732*b - 153. What is m(75)?
-678
Let g(r) = r**3 - r**2 - 173*r - 2. Give g(0).
-2
Let v(t) = 65*t**2 + 10*t - 944. Calculate v(0).
-944
Let g(n) = -n**2 - 737*n - 85436. What is g(-146)?
850
Let u(o) = 191*o + 11668. Calculate u(-61).
17
Let r(i) = 19046*i - 876132. Give r(46).
-16
Let z(i) = 3973*i - 147046. What is z(37)?
-45
Let i(p) = -2986*p - 15032. Give i(-5).
-102
Let r(n) = n**2 - 250*n + 2205. Calculate r(10).
-195
Let c(v) = -947*v**2 - 977302*v + 2058. Calculate c(-1032).
-6
Let u(c) = 24993*c - 474859. Calculate u(19).
8
Let s(c) = -9*c**3 - 439*c**2 + 1001*c - 973. Give s(-51).
-4
Let w(i) = i**3 - 127*i**2 - 782*i - 2030. Give w(133).
98
Let k(n) = -80*n + 16727. Calculate k(207).
167
Let j(d) = -569*d + 289. What is j(1)?
-280
Let s(n) = 20876*n + 167281. Determine s(-8).
273
Let y(n) = -3906*n - 1210824. Give y(-310).
36
Let w(d) = 127*d**3 + 2*d**2 + 14*d - 57. Calculate w(3).
3432
Let d(j) = -1205*j + 12176. Determine d(11).
-1079
Let s(i) = -i**2 + 70273*i - 632353. What is s(9)?
23
Let t(q) = q**3 - 9*q**2 - 3*q + 17. Determine t(7).
-102
Let n(h) = -66*h**2 - 1862*h - 2156. What is n(-27)?
4
Let p(w) = -5507*w + 93619. Give p(17).
0
Let w(j) = -51*j - 217. What is w(7)?
-574
Let a(g) = 156349*g - 469027. Give a(3).
20
Let t(u) = -718*u - 3509. Give t(-5).
81
Let f(x) = -402*x + 9922. Calculate f(26).
-530
Let o(t) = 4*t**2 - 485*t - 29606. Calculate o(-45).
319
Let o(l) = -4*l**3 - 133*l**2 + 286*l - 23. Calculate o(2).
-15
Let s(a) = 22322*a + 1763437. Determine s(-79).
-1
Let a(x) = 5*x**3 + 42*x**2 + 10*x + 89. Determine a(-9).
-244
Let l(b) = 8930*b + 79629. Give l(-9).
-741
Let r(l) = -7*l**2 + 4163*l + 52432. Determine r(607).
230
Let j(u) = -u**3 - 277*u**2 - 11874*u - 476. Give j(-224).
-28
Let h(m) = -278*m - 86581. Calculate h(-311).
-123
Let q(r) = -5*r**2 - 427*r + 7609. What is q(-101)?
-269
Let y(z) = z**3 - 9*z**2 - 5*z + 506. Determine y(7).
373
Let m(z) = -17*z**2 - 19305*z + 66157. What is m(-1139)?
95
Let r(x) = x**3 + 41*x**2 - 769*x + 75. Give r(-55).
20
Let s(m) = -47*m**2 + 1401*m + 155. What is s(29)?
1257
Let m(g) = -3*g**3 - 108*g**2 - 99*g + 101. Determine m(-35).
-109
Let b(i) = -574*i**3 + 1765*i**2 - 131*i + 13. Give b(3).
7
Let z(s) = s**2 + 3275*s - 65809. What is z(20)?
91
Let s(r) = -2682*r + 11036. Calculate s(4).
308
Let s(t) = 7905*t - 442685. What is s(56)?
-5
Let g(i) = 120*i**3 + 175*i**2 + 170*i - 7. Give g(-1).
-122
Let h(u) = -2347*u**2 - 16408*u + 51. Calculate h(-7).
-96
Let n(f) = -760*f - 63066. Determine n(-84).
774
Let x(j) = -2*j**3 + 158*j**2 + 39*j - 3276. Determine x(79).
-195
Let i(a) = 3949*a**2 - 2163*a + 5. What is i(1)?
1791
Let f(a) = -2962*a**3 + 27*a**2 + 2*a - 30. What is f(1)?
-2963
Let p(t) = -t**3 - 28*t**2 - 136*t + 640. Determine p(-18).
-152
Let a(d) = -133*d**3 - 807*d**2 - 9*d. What is a(-6)?
-270
Let i(m) = -11695*m - 795092. Give i(-68).
168
Let g(l) = -122*l - 2505. Calculate g(-20).
-65
Let a(y) = -28*y**2 - 764*y + 549. Calculate a(-28).
-11
Let t(v) = -3*v**3 + 163*v**2 - 652*v + 102. Calculate t(50).
2
Let o(y) = -19640*y - 5420648. Determine o(-276).
-8
Let k(t) = -3*t**3 - 19*t**2 + 233*t - 30. Give k(-12).
-378
Let a(x) = 22*x*